prime factors of 17735?
5, 3547
What are the prime factors of 92432?
2, 53, 109
List the prime factors of 1451.
1451
What are the prime factors of 509?
509
List the prime factors of 36821.
36821
List the prime factors of 1634.
2, 19, 43
What are the prime factors of 2120?
2, 5, 53
What are the prime factors of 4379?
29, 151
What are the prime factors of 46655?
5, 7, 31, 43
What are the prime factors of 277?
277
What are the prime factors of 24458?
2, 7, 1747
List the prime factors of 826.
2, 7, 59
What are the prime factors of 155253?
3, 7, 7393
What are the prime factors of 229?
229
List the prime factors of 678.
2, 3, 113
List the prime factors of 7595.
5, 7, 31
List the prime factors of 57257.
31, 1847
What are the prime factors of 2802?
2, 3, 467
List the prime factors of 471.
3, 157
What are the prime factors of 1481?
1481
List the prime factors of 30638.
2, 15319
What are the prime factors of 686?
2, 7
List the prime factors of 29248.
2, 457
List the prime factors of 4519.
4519
What are the prime factors of 43007?
29, 1483
List the prime factors of 67591.
257, 263
What are the prime factors of 809?
809
What are the prime factors of 15134?
2, 7, 23, 47
List the prime factors of 12916.
2, 3229
List the prime factors of 805.
5, 7, 23
List the prime factors of 74212.
2, 18553
What are the prime factors of 6554?
2, 29, 113
What are the prime factors of 2092?
2, 523
List the prime factors of 127818.
2, 3, 263
List the prime factors of 27885.
3, 5, 11, 13
List the prime factors of 1240.
2, 5, 31
List the prime factors of 34729.
34729
What are the prime factors of 3233?
53, 61
List the prime factors of 952.
2, 7, 17
List the prime factors of 13935.
3, 5, 929
List the prime factors of 1256.
2, 157
List the prime factors of 2467.
2467
What are the prime factors of 286?
2, 11, 13
What are the prime factors of 948?
2, 3, 79
What are the prime factors of 6702?
2, 3, 1117
What are the prime factors of 512?
2
List the prime factors of 895.
5, 179
What are the prime factors of 2310?
2, 3, 5, 7, 11
List the prime factors of 89.
89
List the prime factors of 49046.
2, 137, 179
List the prime factors of 3839.
11, 349
What are the prime factors of 2703?
3, 17, 53
What are the prime factors of 20054?
2, 37, 271
What are the prime factors of 23309?
11, 13, 163
What are the prime factors of 1603?
7, 229
List the prime factors of 2693.
2693
What are the prime factors of 7388?
2, 1847
What are the prime factors of 423?
3, 47
List the prime factors of 1476.
2, 3, 41
List the prime factors of 934.
2, 467
What are the prime factors of 19802?
2, 9901
What are the prime factors of 17251?
13, 1327
List the prime factors of 215.
5, 43
What are the prime factors of 6404?
2, 1601
List the prime factors of 2597.
7, 53
List the prime factors of 10306.
2, 5153
What are the prime factors of 1374?
2, 3, 229
List the prime factors of 17023.
29, 587
What are the prime factors of 178?
2, 89
What are the prime factors of 5766?
2, 3, 31
What are the prime factors of 891?
3, 11
List the prime factors of 2097.
3, 233
What are the prime factors of 16900?
2, 5, 13
What are the prime factors of 192?
2, 3
What are the prime factors of 1305?
3, 5, 29
List the prime factors of 1645.
5, 7, 47
List the prime factors of 1869.
3, 7, 89
List the prime factors of 1033.
1033
What are the prime factors of 10169?
10169
List the prime factors of 13060.
2, 5, 653
List the prime factors of 5076.
2, 3, 47
What are the prime factors of 1135?
5, 227
What are the prime factors of 10345?
5, 2069
List the prime factors of 5263.
19, 277
What are the prime factors of 1360?
2, 5, 17
List the prime factors of 3060.
2, 3, 5, 17
List the prime factors of 10470.
2, 3, 5, 349
List the prime factors of 1785.
3, 5, 7, 17
What are the prime factors of 323?
17, 19
List the prime factors of 4774.
2, 7, 11, 31
What are the prime factors of 11489?
11489
List the prime factors of 875.
5, 7
What are the prime factors of 1306?
2, 653
What are the prime factors of 1351?
7, 193
What are the prime factors of 45988?
2, 11497
What are the prime factors of 40824?
2, 3, 7
What are the prime factors of 3021?
3, 19, 53
What are the prime factors of 133191?
3, 4933
List the prime factors of 606.
2, 3, 101
List the prime factors of 3901.
47, 83
What are the prime factors of 614?
2, 307
List the prime factors of 354.
2, 3, 59
List the prime factors of 7215.
3, 5, 13, 37
List the prime factors of 27374.
2, 13687
List the prime factors of 1211.
7, 173
What are the prime factors of 9568?
2, 13, 23
What are the prime factors of 83978?
2, 199, 211
List the prime factors of 16523.
13, 31, 41
What are the prime factors of 881?
881
List the prime factors of 2708.
2, 677
What are the prime factors of 666?
2, 3, 37
List the prime factors of 954.
2, 3, 53
List the prime factors of 15302.
2, 7, 1093
What are the prime factors of 3818?
2, 23, 83
List the prime factors of 35379.
3, 3931
What are the prime factors of 909?
3, 101
What are the prime factors of 1603?
7, 229
What are the prime factors of 127172?
2, 31793
List the prime factors of 1597.
1597
What are the prime factors of 113592?
2, 3, 4733
What are the prime factors of 128?
2
What are the prime factors of 114735?
3, 5, 7649
List the prime factors of 1021.
1021
What are the prime factors of 437?
19, 23
What are the prime factors of 53806?
2, 26903
List the prime factors of 17029.
17029
List the prime factors of 384.
2, 3
List the prime factors of 4335.
3, 5, 17
List the prime factors of 63290.
2, 5, 6329
What are the prime factors of 33426?
2, 3, 619
What are the prime factors of 123852?
2, 3, 10321
What are the prime factors of 135787?
135787
What are the prime factors of 23940?
2, 3, 5, 7, 19
List the prime factors of 721.
7, 103
List the prime factors of 4496.
2, 281
List the prime factors of 3193.
31, 103
List the prime factors of 11063.
13, 23, 37
List the prime factors of 6565.
5, 13, 101
List the prime factors of 6180.
2, 3, 5, 103
List the prime factors of 21585.
3, 5, 1439
What are the prime factors of 742?
2, 7, 53
What are the prime factors of 55700?
2, 5, 557
What are the prime factors of 3030?
2, 3, 5, 101
List the prime factors of 5840.
2, 5, 73
What are the prime factors of 40111?
40111
List the prime factors of 1285.
5, 257
List the prime factors of 781.
11, 71
What are the prime factors of 12335?
5, 2467
List the prime factors of 182621.
31, 43, 137
What are the prime factors of 102035?
5, 20407
What are the prime factors of 1332?
2, 3, 37
List the prime factors of 259.
7, 37
List the prime factors of 10832.
2, 677
What are the prime factors of 1597?
1597
List the prime factors of 5013.
3, 557
List the prime factors of 17671.
41, 431
What are the prime factors of 22765?
5, 29, 157
List the prime factors of 1286.
2, 643
List the prime factors of 902.
2, 11, 41
What are the prime factors of 101627?
101627
List the prime factors of 5169.
3, 1723
List the prime factors of 958.
2, 479
List the prime factors of 107111.
23, 4657
What are the prime factors of 15949?
41, 389
What are the prime factors of 2901?
3, 967
What are the prime factors of 6020?
2, 5, 7, 43
List the prime factors of 37174.
2, 18587
List the prime factors of 14493.
3, 4831
What are the prime factors of 169935?
3, 5, 11329
What are the prime factors of 113543?
17, 6679
List the prime factors of 978.
2, 3, 163
List the prime factors of 12734.
2, 6367
What are the prime factors of 80079?
3, 26693
List the prime factors of 22549.
22549
List the prime factors of 2657.
2657
List the prime factors of 2367.
3, 263
What are the prime factors of 120308?
2, 19, 1583
What are the prime factors of 45508?
2, 31, 367
What are the prime factors of 2343?
3, 11, 71
What are the prime factors of 111?
3, 37
What are the prime factors of 7983?
3, 887
What are the prime factors of 45829?
7, 6547
What are the prime factors of 2945?
5, 19, 31
List the prime factors of 1061.
1061
List the prime factors of 7119.
3, 7, 113
List the prime factors of 48457.
47, 1031
What are the prime factors of 117386?
2, 58693
What are the prime factors of 5622?
2, 3, 937
What are the prime factors of 38551?
19, 2029
List the prime factors of 10396.
2, 23, 113
What are the prime factors of 11008?
2, 43
List the prime factors of 1275.
3, 5, 17
List 